j is divided by 34?
32
Let s = -14333 + 14899. Calculate the remainder when 586 is divided by s.
20
Let l(n) = n**2 - 65*n - 98. What is the remainder when 202 is divided by l(68)?
96
Let q = 9225 + -9137. What is the remainder when 403 is divided by q?
51
What is the remainder when (-1)/((-3)/12) - (-9 + -14 + -1) is divided by 9?
1
Suppose -111 + 156 = -2*c + 5*c. What is the remainder when 192 is divided by c?
12
Suppose 1212 = -317*d + 320*d. Let t = -380 + d. What is the remainder when 45 is divided by t?
21
Suppose 2021 + 129 = 25*v. What is the remainder when 944 is divided by v?
84
Let c(b) = -b**2 - 20*b - 52. Let u = -127 + 118. Calculate the remainder when 281 is divided by c(u).
46
Suppose 0 = -4*n + 38 + 10. What is the remainder when 34 is divided by n - (-1 - (-5 + 10))?
16
Let c = -38 - -52. Suppose -5*q = 4*d - 0*q + c, 0 = 4*d - 2*q. What is the remainder when (-2)/(((16/28)/d)/6) is divided by 8?
5
Suppose -238540 = -169*t - 98*t + 41810. What is the remainder when t is divided by 212?
202
Suppose -20*v - 338 = 2162. Let o = v + 150. What is the remainder when 69 is divided by o?
19
Let q = -6997 - -7225. Calculate the remainder when 476 is divided by q.
20
Suppose -14*v + 5*p - 215 = -19*v, -3*v - 2*p = -127. What is the remainder when 266 is divided by v?
20
Let d(r) = -r**3 - 17*r**2 + r + 53. Let h be d(-18). Let j = 694 - h. What is the remainder when j is divided by 42?
41
Suppose 5*s = 4*o - 316, 0*o + 2*s = -3*o + 214. Suppose -80*t = -o*t - 132. Calculate the remainder when 131 is divided by t.
21
Let j(f) = 20*f - 64. Let a(p) = -39*p + 125. Let b(z) = 2*a(z) + 5*j(z). What is the remainder when 62 is divided by b(4)?
8
Suppose 0 = 19*j - 887 - 101 - 76. What is the remainder when 1030 is divided by j?
22
Let b be 18/((-14)/105*-3). Suppose 462*w - b = 459*w. Calculate the remainder when 326 is divided by w.
11
Let k(t) = -t + 5 + 3 - 6 - t**2 - 4*t. Let m be k(-5). Suppose 0 = 2*w - m*v - 328, 3*v - 98 = 4*w - 749. What is the remainder when w is divided by 20?
19
Let t = 54 - -1. Let s be (-2 + 4)*(-25)/(-10). Suppose s*v - 84 = -v. Calculate the remainder when t is divided by v.
13
Let h be (-1 + 1)/(-3) + -4 - -74. Suppose -2*u + 164 + h = 0. What is the remainder when u is divided by 15?
12
Suppose 4*f + 4*n - 134 = -n, -5*f + 3*n = -149. Let s = 2371 - 2305. What is the remainder when s is divided by f?
4
Let g = 1127 - 864. Suppose -2*m - g = -297. Calculate the remainder when 49 is divided by m.
15
Suppose 2*x = 43 - 71. Let u = 50 + x. Calculate the remainder when u is divided by (-1 - 0) + 14/1.
10
Suppose -2*n - 2*j + 34 = 0, 445*n - 61 = 441*n - 5*j. Let a(r) = 284*r**2 - 2*r - 1. What is the remainder when a(-1) is divided by n?
21
Let i(z) = 25*z - 124. Suppose -2*c + 3 = -1. Let l(r) = 6*r + 1. What is the remainder when i(7) is divided by l(c)?
12
Suppose -519 = -g + 4*r + 922, r - 7079 = -5*g. What is the remainder when g is divided by 26?
13
Suppose -300 = -3*j - j. Suppose a + 4*a = -4*y + 3, -3*a = -5*y + 13. What is the remainder when j is divided by (-19 - -21)/(-1*y/(-19))?
18
Let c(s) = 11*s**2 - 15*s - 57. Calculate the remainder when 9393 is divided by c(-3).
84
Let s(x) = 2*x - 21. Let a be s(9). Let h be (a + 63)*(-1 - 0/2). Let u = 7 - h. What is the remainder when u is divided by 17?
16
Suppose 254 = 5*d - 11. Let f(m) be the first derivative of m**4/4 + 7*m**3/3 + m**2 + 28*m + 53. Calculate the remainder when d is divided by f(-7).
11
What is the remainder when 291 is divided by 6888/(-280)*-2*(-20)/(-12)?
45
Suppose 2*y - w = 112, 3*y = -141*w + 139*w + 154. Suppose -5*l = s - 6*s + 490, 488 = 5*s - 4*l. Calculate the remainder when s is divided by y.
42
Suppose -5*v + 958 - 2473 = 0. Let y = 1288 - 1456. Let b = y - v. Calculate the remainder when b is divided by 34.
33
Suppose -2*o + 145 = -5*i - 0*o, o = 4*i + 113. What is the remainder when (-3828)/i - (-4)/18 is divided by 29?
26
Let m be ((-72)/(-20))/(8/(-20)). Suppose 0 = -u - 10 + 70. What is the remainder when u is divided by m/(-2)*(1 + 3)?
6
Suppose 41 + 69 = 5*h. Let b = 610 - 473. Let x = b + -73. Calculate the remainder when x is divided by h.
20
Let a = -2096 + 2236. Calculate the remainder when 807 is divided by a.
107
Suppose -5*z = 2*w + 2*w - 9, -4*w = 4*z - 12. What is the remainder when 1*2*((-34)/425 + 4914/175) is divided by w?
2
Let t(h) = -17*h + 120. Let x be t(6). Suppose z - 2 - x = m, -z - 3*m = -24. Calculate the remainder when z is divided by 10.
1
Let l(h) = -h**2 - 4*h - 16. Let i be l(-8). What is the remainder when (-24)/i*(0 - -92) is divided by 8?
6
Suppose -33 = -6*u + 33. Let i = 18 - 14. Suppose i = s - 26. Calculate the remainder when s is divided by u.
8
Let u(x) = 8*x - 17*x**2 + 18*x**2 - 6*x - 3. Let k be u(1). Suppose k = 4*p - 67 - 89. Calculate the remainder when p is divided by 7.
4
Suppose 4*h + 641 = -271. Calculate the remainder when 148 is divided by (h/(-27))/(10/90).
72
Suppose 800*y - 483 = 799*y - 5*v, -3*v - 21 = 0. What is the remainder when y is divided by 25?
18
Let n(i) = i - 8. Let y be (-25)/(-2) + (-3)/2. Let h be n(y). Suppose h*d - 82 = -13. What is the remainder when 90 is divided by d?
21
Let m(d) = -d**3 + 8*d**2 + 38*d + 14. Let f be m(11). Suppose 0 = -0*k - 3*k + 3*v + f, -5*v = -k + 39. What is the remainder when 53 is divided by k?
15
Suppose 2*s - 3*s + 4*y = -97, -3*y + 462 = 5*s. Calculate the remainder when 219 is divided by s.
33
Let s(r) = 43*r**2 - r - 6. Calculate the remainder when s(-3) is divided by 96.
0
Suppose -26148 = -2*r - 79*t + 78*t, -13073 = -r - t. What is the remainder when r is divided by 109?
104
Let f(t) be the first derivative of -178*t**2 + t - 218. What is the remainder when f(-1) is divided by 72?
69
Let f(l) = -l - 90. Let a be f(-28). Calculate the remainder when 116 is divided by (16/(-16))/(2/a).
23
Let v = -21304 + 21659. Calculate the remainder when v is divided by 52.
43
Let t = 40 + -19. Suppose 0 = 84*h - 85*h - 5*f + 90, -528 = -4*h + 4*f. Calculate the remainder when h is divided by t.
20
What is the remainder when (-2*2 - (-16720)/48)*(2 + 1) is divided by 211?
189
Suppose -2*s + 2 = 0, -2*s = -f + 2*s. Let a be 202/(-22) - (-14)/77. Let m(x) = x**2 + 8*x - 2. Calculate the remainder when m(a) is divided by f.
3
Let r = -79 + 324. Let q = 261 - r. What is the remainder when 24 is divided by q?
8
Suppose 13*k - 234 = -13*k. What is the remainder when 60 is divided by k?
6
Let m = -187 + 175. What is the remainder when (-120)/(-16)*m/(-5) is divided by 5?
3
Suppose 10 = -67*q + 69*q. Suppose -94 = -q*j + 121. Let a = -1 + j. What is the remainder when a is divided by 11?
9
Suppose 84 = 2*t + 3*x, 74*x - 73*x = -5*t + 210. Let s(m) = 34*m**2 - m - 1. What is the remainder when t is divided by s(-1)?
8
Let i(h) = 2. Let x(t) = t + 6. Let l(o) = 3*i(o) - x(o). Let w(s) = -12*s - 50. Let b(r) = -5*l(r) + w(r). What is the remainder when 50 is divided by b(-11)?
23
Let h(q) = 40*q**3 - 3*q**2 - 21*q + 136. Calculate the remainder when h(6) is divided by 89.
87
Let p be (4 - (-40)/(-12))/(6/45). Let h be (-6)/(-5 + (p - 2)). Suppose -h*i = 0, 4*a + 2*i - 33 = a. Calculate the remainder when a is divided by 7.
4
Suppose 0*h = -5*l + 2*h + 44, -12 = -4*h. Suppose l*q = 8*q + 94. Let u = 78 - q. What is the remainder when 154 is divided by u?
30
Let p(m) = -152*m - 54. Let f be p(-5). Let x = -693 + f. Calculate the remainder when 163 is divided by x.
7
Suppose 13*y - 10*y = 2*p + 95, -5*y + 160 = -3*p. Let r = 4 - 15. Let q = r + 21. What is the remainder when y is divided by q?
5
Suppose 671*v + 12448 = 687*v. Calculate the remainder when 2336 is divided by v.
2
Let x(a) = -a**2 - 16*a - 9. Suppose 2*l = -12 + 4, -4*l = 3*d + 73. Let f be x(d). Let b = -63 - f. What is the remainder when 6 is divided by b?
0
Let d be (-2)/(-7 + 236/34). Suppose -d = -2*r + 28. What is the remainder when 368 is divided by r?
27
Let b(f) = f**2 - 22*f - 32. Let w be b(21). Let j = w - -68. What is the remainder when 83 + (-6 - -4) + 2 is divided by j?
8
Let z(y) = 2*y**2 + 6*y - 22. Let l be z(8). Let x = l - 146. Calculate the remainder when x is divided by 7.
1
Let o = 811 + 164. Let c = o - 816. What is the remainder when c is divided by